7
What is the ten thousands digit of 63682?
6
What is the ten thousands digit of 14667?
1
What is the units digit of 494?
4
What is the hundreds digit of 9780?
7
What is the hundreds digit of 682?
6
What is the tens digit of 97919?
1
What is the ten thousands digit of 47178?
4
What is the tens digit of 705?
0
What is the hundreds digit of 5165?
1
What is the hundreds digit of 1051?
0
What is the hundreds digit of 35499?
4
What is the ten thousands digit of 37702?
3
What is the ten thousands digit of 90669?
9
What is the ten thousands digit of 11591?
1
What is the units digit of 3004?
4
What is the thousands digit of 18817?
8
What is the tens digit of 373?
7
What is the thousands digit of 5887?
5
What is the tens digit of 1689?
8
What is the hundreds digit of 34125?
1
What is the units digit of 2439?
9
What is the units digit of 2735?
5
What is the tens digit of 826?
2
What is the units digit of 351?
1
What is the thousands digit of 5119?
5
What is the units digit of 6247?
7
What is the units digit of 337?
7
What is the units digit of 2211?
1
What is the tens digit of 17927?
2
What is the hundreds digit of 75922?
9
What is the units digit of 18813?
3
What is the tens digit of 2481?
8
What is the units digit of 20449?
9
What is the hundreds digit of 7203?
2
What is the thousands digit of 19707?
9
What is the ten thousands digit of 78870?
7
What is the thousands digit of 16055?
6
What is the tens digit of 11983?
8
What is the tens digit of 12300?
0
What is the hundreds digit of 4582?
5
What is the tens digit of 18980?
8
What is the tens digit of 45600?
0
What is the ten thousands digit of 14048?
1
What is the tens digit of 25557?
5
What is the hundreds digit of 71858?
8
What is the thousands digit of 33771?
3
What is the tens digit of 30008?
0
What is the ten thousands digit of 12425?
1
What is the thousands digit of 1511?
1
What is the units digit of 138754?
4
What is the hundreds digit of 1175?
1
What is the tens digit of 6346?
4
What is the hundreds digit of 3836?
8
What is the thousands digit of 16407?
6
What is the hundreds digit of 8230?
2
What is the tens digit of 406?
0
What is the hundreds digit of 112821?
8
What is the thousands digit of 24357?
4
What is the hundreds digit of 9139?
1
What is the hundreds digit of 426?
4
What is the tens digit of 106?
0
What is the thousands digit of 4918?
4
What is the hundreds digit of 28212?
2
What is the units digit of 490?
0
What is the tens digit of 242?
4
What is the hundreds digit of 2601?
6
What is the thousands digit of 2055?
2
What is the units digit of 57857?
7
What is the tens digit of 5074?
7
What is the units digit of 973?
3
What is the units digit of 5667?
7
What is the tens digit of 11664?
6
What is the tens digit of 8040?
4
What is the units digit of 1883?
3
What is the units digit of 10310?
0
What is the units digit of 700?
0
What is the thousands digit of 3376?
3
What is the ten thousands digit of 19832?
1
What is the units digit of 12702?
2
What is the thousands digit of 75991?
5
What is the units digit of 34804?
4
What is the units digit of 10229?
9
What is the units digit of 1921?
1
What is the ten thousands digit of 127237?
2
What is the units digit of 1936?
6
What is the tens digit of 1604?
0
What is the units digit of 8466?
6
What is the hundreds digit of 489?
4
What is the units digit of 3400?
0
What is the units digit of 40684?
4
What is the units digit of 60516?
6
What is the tens digit of 94507?
0
What is the hundreds digit of 209?
2
What is the tens digit of 2347?
4
What is the units digit of 58?
8
What is the hundreds digit of 3816?
8
What is the thousands digit of 14188?
4
What is the tens digit of 3476?
7
What is the units digit of 825?
5
What is the units digit of 38586?
6
What is the thousands digit of 16254?
6
What is the hundreds digit of 83640?
6
What is the hundreds digit of 872?
8
What is the tens digit of 1833?
3
What is the tens digit of 3393?
9
What is the thousands digit of 97654?
7
What is the units digit of 29706?
6
What is the thousands digit of 30392?
0
What is the units digit of 367?
7
What is the hundreds digit of 12249?
2
What is the tens digit of 19742?
4
What is the hundreds digit of 2447?
4
What is the hundreds digit of 28865?
8
What is the thousands digit of 1909?
1
What is the tens digit of 19867?
6
What is the hundreds digit of 175?
1
What is the units digit of 1052?
2
What is the hundreds digit of 41651?
6
What is the hundreds digit of 3014?
0
What is the thousands digit of 1553?
1
What is the thousands digit of 2621?
2
What is the units digit of 866?
6
What is the tens digit of 44?
4
What is the hundreds digit of 14747?
7
What is the thousands digit of 5489?
5
What is the units digit of 6447?
7
What is the units digit of 406?
6
What is the units digit of 12971?
1
What is the thousands digit of 8582?
8
What is the thousands digit of 16713?
6
What is the thousands digit of 1021?
1
What is the units digit of 34174?
4
What is the hundreds digit of 5058?
0
What is the hundreds digit of 6177?
1
What is the units digit of 72832?
2
What is the hundreds digit of 3285?
2
What is the units digit of 4427?
7
What is the thousands digit of 1900?
1
What is the hundreds digit of 28854?
8
What is the hundred thousands digit of 199509?
1
What is the units digit of 18969?
9
What is the hundreds digit of 659?
6
What is the hundreds digit of 332?
3
What is the tens digit of 2866?
6
What is the hundreds digit of 40469?
4
What is the units digit of 7107?
7
What is the hundreds digit of 6843?
8
What is the tens digit of 1230?
3
What is the tens digit of 39?
3
What is the hundreds digit of 2088?
0
What is the units digit of 30035?
5
What is the thousands digit of 32568?
2
What is the units digit of 924?
4
What is the thousands digit of 54390?
4
What is the units digit of 1134?
4
What is the thousands digit of 1607?
1
What is the units digit of 549?
9
What is the tens digit of 1654?
5
What is the thousands digit of 61867?
1
What is the hundreds digit of 120?
1
What is the tens digit of 4414?
1
What is the hundreds digit of 1049?
0
What is the tens digit of 2387?
8
What is the hundreds digit of 14769?
7
What is the tens digit of 21135?
3
What is the units digit of 731?
1
What is the tens digit of 484?
8
What is the tens digit of 78?
7
What is the units digit of 583?
3
What is the thousands digit of 19596?
9
What is the hundreds digit of 18200?
2
What is the units digit of 362?
2
What is the units digit of 1102?
2
What is the tens digit of 457?
5
What is the ten thousands digit of 15122?
1
What is the units digit of 1489?
9
What is the hundreds digit of 7879?
8
What is the tens digit of 27905?
0
What is the hundreds digit of 412?
4
What is the hundreds digit of 2055?
0
What is the tens digit of 1599?
9
What is the tens digit of 19366?
6
What is the hundreds digit of 136327?
3
What is the thousands digit of 25746?
5
What is the units digit of 248?
8
What is the units digit of 317?
7
What is the units digit of 13517?
7
What is the thousands digit of 5403?
5
What is the tens digit of 89?
8
What is the hundreds digit of 3315?
3
What is the thousands digit of 6540?
6
What is the hundreds digit of 16121?
1
What is the units digit of 1677?
7
What is the hundreds digit of 142284?
2
What is the thousands digit of 31965?
1
What is the thousands digit of 2185?
2
What is the tens digit of 2079?
7
What is the hundreds digit of 214?
2
What is the ten thousands digit of 20836?
2
What is the tens digit of 10308?
0
What is the tens digit of 9350?
5
What is the tens digit of 203?
0
What is the units digit of 601?
1
What is the thousands digit of 1830?
1
What is the hundreds digit of 1667?
6
What is the units digit of 6440?
0
What is the hundreds digit of 15836?
8
What is the tens digit of 445?
4
What is the units digit of 337?
7
What is the tens digit of 299?
9
What is the tens digit of 6461?
6
What is the tens digit of 2459?
5
What is the hundreds digit of 31906?
9
What is the hundreds digit of 2594?
5
What is the hundreds digit of 976?
9
What is the hundreds digit of 2883?
8
What is the thousands digit of 29304?
9
What is the thousands digit of 2537?
2
What is the tens digit of 19484?
8
What is the tens digit of 9635?
3
What is the thousands digit of 30204?
0
What is the thousands di